{"id":2262,"date":"2024-02-13T18:17:19","date_gmt":"2024-02-13T21:17:19","guid":{"rendered":"https:\/\/softwareplay.site\/luizelima\/?post_type=product&#038;p=2262"},"modified":"2024-02-22T16:36:22","modified_gmt":"2024-02-22T19:36:22","slug":"kit-25-unidades-flanela-de-microfibra-40x60-premium-luizlima-import","status":"publish","type":"product","link":"https:\/\/luizelimaimports.com.br\/index.php\/produto\/kit-25-unidades-flanela-de-microfibra-40x60-premium-luizlima-import\/","title":{"rendered":"kit 25 unidades Flanela de microfibra 40&#215;60 Premium Luiz&#038;Lima Import"},"content":{"rendered":"<p>FLANELA AMARELA Premium Lado normal Lado extra felpudo FLANELA AMARELA \u00e9 uma flanela de microfibra premium, com dois lados distintos, sendo um normal e outro extra felpudo. O lado felpudo \u00e9 indicado para remo\u00e7\u00e3o de cera, polidores e para secagem. O lado normal pode ser usado na limpeza de vidros. A gramatura \u00e9 de 350 g\/m\u00b2 e dispon\u00edvel no tamanho de 40&#215;60 cm. MODO DE USAR 1 \/\/\/ Deslize a flanela sobre a superf\u00edcie CUIDADOS AO LAVAR 1 \/\/\/ Lave com \u00e1gua morna ou na m\u00e1quina de lavar com cores semelhantes 2 \/\/\/ Use detergente l\u00edquido ou sab\u00e3o neutro 3 \/\/\/ N\u00e3o seque na secadora 4 \/\/\/ Se a toalha enrijecer, reidrate em \u00e1gua morna e ela voltar\u00e1 a textura original. \u00c9 um produto premium da Luiz&amp;Lima Import &gt;&gt; Remo\u00e7\u00e3o de cera, polidores e para secagem &gt;&gt; Lado extra felpudo<\/p>\n","protected":false},"excerpt":{"rendered":"<p>FLANELA AMARELA Premium Lado normal Lado extra felpudo FLANELA AMARELA \u00e9 uma flanela de microfibra premium, com dois lados distintos, sendo um normal e outro extra felpudo. O lado felpudo \u00e9 indicado para remo\u00e7\u00e3o de cera, polidores e para secagem. O lado normal pode ser usado na limpeza de vidros. A gramatura \u00e9 de 350 [&hellip;]<\/p>\n","protected":false},"featured_media":2257,"comment_status":"open","ping_status":"closed","template":"","meta":[],"product_cat":[34,62],"product_tag":[],"class_list":{"0":"post-2262","1":"product","2":"type-product","3":"status-publish","4":"has-post-thumbnail","6":"product_cat-atacado","7":"product_cat-loja","9":"first","10":"instock","11":"shipping-taxable","12":"purchasable","13":"product-type-simple"},"_links":{"self":[{"href":"https:\/\/luizelimaimports.com.br\/index.php\/wp-json\/wp\/v2\/product\/2262"}],"collection":[{"href":"https:\/\/luizelimaimports.com.br\/index.php\/wp-json\/wp\/v2\/product"}],"about":[{"href":"https:\/\/luizelimaimports.com.br\/index.php\/wp-json\/wp\/v2\/types\/product"}],"replies":[{"embeddable":true,"href":"https:\/\/luizelimaimports.com.br\/index.php\/wp-json\/wp\/v2\/comments?post=2262"}],"wp:featuredmedia":[{"embeddable":true,"href":"https:\/\/luizelimaimports.com.br\/index.php\/wp-json\/wp\/v2\/media\/2257"}],"wp:attachment":[{"href":"https:\/\/luizelimaimports.com.br\/index.php\/wp-json\/wp\/v2\/media?parent=2262"}],"wp:term":[{"taxonomy":"product_cat","embeddable":true,"href":"https:\/\/luizelimaimports.com.br\/index.php\/wp-json\/wp\/v2\/product_cat?post=2262"},{"taxonomy":"product_tag","embeddable":true,"href":"https:\/\/luizelimaimports.com.br\/index.php\/wp-json\/wp\/v2\/product_tag?post=2262"}],"curies":[{"name":"wp","href":"https:\/\/api.w.org\/{rel}","templated":true}]}}